tors of c.
3, 31
What are the prime factors of ((-3449880)/(-21))/6 - -17?
27397
Suppose -3*n + 4*z + 5129 = 0, 3*n + 5*z = 5474 - 336. Suppose 14*k - 1019 = n. Suppose -4*q - a = -865, -q + k = -6*a + 2*a. What are the prime factors of q?
5, 43
Let p be 133 + ((-4)/10)/(20/(-50)). List the prime factors of 4 - (p*(-5)/5 - -1).
137
Let h(u) = u**3 - 16*u**2 + 17*u - 25. Let m be h(15). List the prime factors of 3*6*m*(-15)/(-50).
3
Suppose -130*i + 823096 + 485088 = 6*i. List the prime factors of i.
9619
Let r(j) = 3*j - 4. Let g be r(3). Suppose -2*p = -4*o + 18, 4*o - 5*p = g + 4. List the prime factors of (0 + (-4)/6)/(o/(-549)).
61
Let h = 12913 + -7082. List the prime factors of h.
7, 17
Suppose 0 = y - 3*o + 84, 9*o - 4*o - 80 = y. List the prime factors of 162/2*4/((-40)/y).
3
Suppose 163*a = 147*a + 439290 - 167850. List the prime factors of a.
3, 5, 13, 29
Let r = 2178 - 1378. List the prime factors of r.
2, 5
Suppose 161*i - 65240 = 151*i. List the prime factors of (3/(-2))/(45647/i + -7).
2, 233
Let j be ((-586)/(-10))/(18/(-45))*-4. Suppose -5*s - j = -8*s + 2*a, -4*s + 780 = -4*a. List the prime factors of s.
2, 7
Suppose 4*c + 5*z - 8*z - 77007 = 0, 0 = 2*c - 5*z - 38507. What are the prime factors of c?
3, 23, 31
Let q(g) = -3*g + 4. Let j be q(1). Let z be ((-155)/3)/(j/(-3)). Suppose -499 = -4*w - z. List the prime factors of w.
2, 43
Let q = 61 + -60. Suppose -7*k = -q - 3639. List the prime factors of k.
2, 5, 13
Let m be 2/(-20) + (-1479)/(-290). Suppose m*i - 473 - 87 = 0. What are the prime factors of i?
2, 7
Let n(y) = 839*y + 1227. List the prime factors of n(11).
2, 1307
Let d(l) = 108*l + 5978. What are the prime factors of d(-26)?
2, 5, 317
Let s = 33109 - 15500. What are the prime factors of s?
17609
Let z(f) = -f**2 + 4*f. Let w be z(3). Let a(r) = 20*r**2 - 2*r + 2. Let u be a(w). Suppose -u = -g - 41. What are the prime factors of g?
3, 5
Let l = 6389 + -4778. What are the prime factors of l?
3, 179
Suppose -35*d + 32*d + 1116 = 0. Let w = d - -32. Suppose 0 = -38*u + 42*u - w. What are the prime factors of u?
101
Suppose 0 = q + 6, -4*l = -q - 28351 - 11055. What are the prime factors of l?
2, 5, 197
Let j be (8 - 1) + 14 + -21. Suppose j = -3*z + 265 + 335. What are the prime factors of z?
2, 5
What are the prime factors of 273/2 + (-1179)/(-262)?
3, 47
Let t(j) = -3*j**3 - 8*j**2 + 9*j. Let f be t(5). Let q = f + 892. What are the prime factors of q?
2, 181
Let x = -1944 - 1130. Let z = x - -4652. What are the prime factors of z?
2, 3, 263
Let j(a) = -917*a + 14*a**2 + 3 - 1 + 912*a. What are the prime factors of j(5)?
3, 109
Let b(a) = -2*a**2 + 34*a + 14. Let l(o) = 2*o**3 - 3*o**2 - o - 4. Let p be l(2). Let s = p - -15. List the prime factors of b(s).
2, 59
Let f(w) = 48*w**2 + 8*w + 9. Let z be f(7). Let l = 4105 - z. List the prime factors of l.
2, 211
Suppose 13*w = 10*w + y + 48200, 0 = -4*y + 16. List the prime factors of w.
2, 3, 13, 103
Let i(x) = 331*x + 3723. List the prime factors of i(46).
7, 2707
Suppose 3*j - 3*y = 2*y + 20, 2*j + 4 = -y. Suppose 5*f + 42 - 42 = j. Suppose f*n + 5*n = 610. List the prime factors of n.
2, 61
Let h(n) = 4*n + 86. Let s(z) = 3*z + 86. Let j(b) = -5*h(b) + 6*s(b). Suppose 5*q - 2*x - 2*x = -4, -1 = -x. List the prime factors of j(q).
2, 43
Suppose 11984 = 28*k - 10192. Let t = -422 + k. What are the prime factors of t?
2, 5, 37
Let t(w) = 7*w**2 + 8*w - 2. Let v be t(-6). Suppose 0 = 11*m - v - 150. List the prime factors of m.
2
Suppose -3*d + 28472 = 4*g, -132*d + 133*d = -3*g + 21359. What are the prime factors of g?
7121
Let q = -766 - -390. Let o = q - -659. What are the prime factors of o?
283
Suppose 0 = 5*q + 15, -4*q + 0*q = s + 6. Suppose -s*z + 388 = -2426. What are the prime factors of z?
7, 67
Suppose -5*q + 9*q = 24. Let o be 1/q - (-59)/6. Let v = -4 + o. List the prime factors of v.
2, 3
Suppose 181 = -5*k + 6*k - d, 346 = 2*k + 2*d. List the prime factors of k.
3, 59
Suppose 2*x = 6*x - 16, 0 = 3*o - 5*x - 388. Let t = o - -148. What are the prime factors of t?
2, 71
Let z(c) = -6*c + 50 - 157 + 56 + 4*c**2 + 48. What are the prime factors of z(-8)?
7, 43
Let a(u) = -13*u**2 - u - 23. Let r be a(-6). Let v = -196 - r. List the prime factors of v.
17
Let r be (5/3)/(17/51). Let b = r - -28. Let s = b - -33. List the prime factors of s.
2, 3, 11
Suppose -23*s + 292851 = -23*s + 13*s. What are the prime factors of s?
3, 2503
Let z(r) = -14*r**3 + 15*r**2 + 17*r - 13. List the prime factors of z(-7).
5, 23, 47
Suppose 9*s = -6*s + 124485. Suppose 16*u - s = 4613. What are the prime factors of u?
3, 269
Suppose 0 = -2*s - 16 + 22. Suppose -o - 167 = -3*i, 5 = 4*i - s. Let m = 263 + o. List the prime factors of m.
2, 3, 17
Let j(c) = -c**3 + 22*c**2 + 105*c - 26. Let m be j(26). Suppose -2*i - 3*i + 4280 = m. What are the prime factors of i?
2, 107
Let i(c) = 1064 - 35*c - 224*c - 1061. Let b be i(-1). Suppose -807 = -5*y - b. What are the prime factors of y?
109
Let q(a) = -33*a**2 + 12*a + 18. Let n be q(5). Let p = n + 1313. What are the prime factors of p?
2, 283
Let l be (10858/6)/(-1) + (-24)/72. Let m = 1085 - l. Suppose 0 = -2*c - 13*c + m. What are the prime factors of c?
193
Let l be (-3)/(4/66*(-2)/(-4)). Let r be 10/(2 - 3)*l/(-22). Let a = r + 74. List the prime factors of a.
29
Let g be (-12232)/3*240/(-64). Suppose 39*d = g + 21097. List the prime factors of d.
3, 311
Suppose -10*j + 449868 = 15*j + 102293. What are the prime factors of j?
13903
Let r(l) = l**3 + l - 5. Let x be r(0). Let d(w) = -2*w**2 - 2*w + 2. Let g be d(x). Let h = g - -76. What are the prime factors of h?
2, 19
Let g(o) = -o**3 - 10*o**2 - 25*o + 6. Let c be g(-5). Suppose 31*p - 14200 = c*p. List the prime factors of p.
2, 71
Let l = -200 - -198. What are the prime factors of (38/19)/(l/(-869))?
11, 79
Suppose 5*n - 5 = 5, -n = 2*h + 92. Let f = h - -49. List the prime factors of -4 + -1 + f - -120.
3, 13
Let j = -247 + 956. Let p = j + -472. Let v = 423 - p. List the prime factors of v.
2, 3, 31
Suppose 1342*r = 1331*r + 72072. List the prime factors of r.
2, 3, 7, 13
Let l(m) be the first derivative of m**4/4 - 2*m**3/3 + 26. Let x be l(2). Suppose -2*q + 5*c + 800 = 2*q, x = 3*q + 4*c - 569. What are the prime factors of q?
3, 5, 13
Suppose 8*f + 35 = 51. Suppose 869 + 435 = 4*l. Suppose f*z - 2*x - 54 = l, -z + 2*x = -193. List the prime factors of z.
11, 17
Let g = 7 + -18. Let v(c) = -c**3 - 11*c**2 - 10*c - 2. Let o be v(g). Suppose -2*l + o = -56. What are the prime factors of l?
2, 41
Suppose -8 = -4*l - f, -2*l - f + 18 = -4*f. Let g = 3 - 1. What are the prime factors of l - g - (-169 + 1)?
13
Suppose b - 24 = -3*b. What are the prime factors of 4 - (-66 - (b + -6))?
2, 5, 7
Let g(d) = 78*d + 858. What are the prime factors of g(69)?
2, 3, 5, 13
Suppose 24270 = 18*k + 18*k - 6*k. What are the prime factors of k?
809
Let y(m) = m**3 + 7*m**2 - 2*m - 10. Let d be y(-7). Suppose 0 = 4*l + w + 75 + 56, -l - 44 = d*w. List the prime factors of ((-174)/4)/(12/l).
2, 29
List the prime factors of (-272)/816 - 137192/(-6).
5, 17, 269
Let q be 108/(-81) + (2288/3)/(-1). Let z = 1 - 2. List the prime factors of (z/(-2))/((-2)/q).
191
Suppose -19 = -5*k - 14. Let v be ((-3)/6*1)/(k/1418). Let t = -479 - v. List the prime factors of t.
2, 5, 23
Let x = 18001 - 3727. What are the prime factors of x?
2, 3, 13, 61
Let l(y) = -y**3 - 2*y**2 - 14*y + 16. Let p be l(-14). Suppose 35*i = 2546 + p. List the prime factors of i.
2, 73
Suppose 9*o = 19*o. List the prime factors of (4 + 244 - -5) + 0 + o.
11, 23
Let b(q) = -2*q + 357*q**3 - 55*q**3 + 484*q**3 + 2. Let z be b(1). Suppose -10*a + 16*a - z = 0. What are the prime factors of a?
131
Let t(d) = -38*d**3 + 10*d**2 + 11*d - 104. List the prime factors of t(-10).
2, 11, 41, 43
Let s be 22 + 3*56/(-24). Suppose 24*v - s*v - 6624 = 0. List the prime factors of v.
2, 23
Suppose -2*a + 128 = -5*a + 2*i, 2*i + 56 = -a. Let w = a + -72. List the prime factors of (8 - 5 - 1)*w/(-4).
59
Let n(p) = 2*p**2 + 25*p + 18. Let a be (-19 - -18) + -17 + 1 + 1. What are the prime factors of n(a)?
2, 5, 13
What are the prime factors of (-88)/(-748) + (-479904)/(-51)?
2, 5, 941
Let l = 20 + 48. Let w = 5 + 42. Suppose 5*f - f - w = -3